) = i**3 + i - 1. Let z be c(a). Suppose 2*m = z + 17. What is the units digit of m?
3
Let h(w) = 2*w - 9. Suppose j + 3*f + 5 = 0, j + j - 34 = 5*f. What is the units digit of h(j)?
5
Let g = -13 + 14. Let l be 70/8 - 2/(-8). What is the units digit of (-2)/2*(g - l)?
8
Let y = 107 - 38. What is the tens digit of y?
6
What is the tens digit of (-24)/(-96) + 0 + 119/4?
3
Let y be 0 + 0 - 6/3. Let o(q) = -7*q - 3. What is the tens digit of o(y)?
1
Suppose 2 = u - 2. Let k = 144 + -67. Suppose -2*v + 31 + 7 = -u*x, x + k = 5*v. What is the tens digit of v?
1
Let b = -2 - -4. Suppose -4*k = v - 7 - 8, -4*v + 2*k - 30 = 0. Let p = b - v. What is the units digit of p?
7
Let d = -7 + 13. Let s(u) be the second derivative of -u**4/12 + 7*u**3/6 - u**2 - u. What is the units digit of s(d)?
4
Suppose 8*x - 6*x = 94. What is the units digit of x?
7
Let v(i) = -i**3 - 6*i**2 + 2*i + 2. Let d be v(-6). Let z = d + 4. What is the tens digit of 13 - 3*z/9?
1
Suppose 49 = -3*a - 11. What is the units digit of a/(-6)*42/35?
4
Suppose 4*q - 3*q = 29. What is the tens digit of q?
2
Suppose 5*k - 2*c - 139 = 0, 102 = 4*k + c + 2*c. Suppose -4*q = l - 29, -2*q + k = 6*l - 3*l. Let x = q - 1. What is the units digit of x?
5
Suppose 725 = 6*o - 343. What is the units digit of o?
8
Let t(s) be the first derivative of -s**3/3 - 2*s**2 + 4*s + 3. What is the units digit of t(-4)?
4
Suppose -3*x = -2*g - 80, 4*x = g - 3 + 53. Let c = -11 - g. What is the tens digit of c?
2
Let s = 211 - 58. What is the tens digit of s?
5
Suppose -4*a + 24 = 4. Suppose -3*k - j = 2*k - a, 0 = 5*k + 5*j + 15. What is the units digit of k?
2
Let w = -26 + 30. Suppose 15 = -n + w*n, -5*a - 10 = -4*n. What is the units digit of a?
2
Let o(u) = u**3 - 5*u**2 - 4*u - 7. Let f = 11 - 5. Let b be o(f). Suppose c - 5 = -w, -3*w + 5 = -b*c + 2*w. What is the units digit of c?
2
Let h = -4 + 8. Let l(o) = -o**3 + 4*o**2 + 4*o - 6. Let t be l(h). Let p = -2 + t. What is the units digit of p?
8
Suppose -r = 4*r + 20, 0 = -2*y + 3*r - 8. Let c = y - -17. What is the units digit of c?
7
Let g be 4/14 + (-2)/7. Let r = 3 + g. Suppose -r - 3 = -3*u. What is the units digit of u?
2
Let g(c) = -4*c**2 - c**3 - 2 - 3 + 4*c + 3. Let l(n) = -2*n**3 + 4*n**2 - n - 3. Let b be l(2). What is the units digit of g(b)?
3
Let f = 154 + -137. What is the units digit of f?
7
Suppose -f = 5*c - 45, 5*f - 3*c = 180 + 17. What is the tens digit of -4 + 1 + f + -9?
2
Let w = -24 + 34. What is the units digit of w?
0
Let z(l) be the second derivative of l**6/720 + l**4/12 + 2*l. Let x(o) be the third derivative of z(o). What is the units digit of x(3)?
3
What is the tens digit of (-7 - -1)*(-35)/15?
1
Let u = -84 + 161. What is the units digit of u?
7
Suppose 5*g - 43 - 12 = 0. What is the units digit of g?
1
Let j = 38 - 19. What is the tens digit of j?
1
Let g(l) = 2*l**2 + 2*l - 8. What is the tens digit of g(-5)?
3
Suppose -i + 3 = 2*i. Suppose b - i - 5 = 0. What is the units digit of b?
6
Let z(n) = -n**3 + 11*n**2. Let v be z(11). Suppose p = -v*p + 5. What is the units digit of p?
5
Suppose -59 - 13 = -4*a. Let l = -13 + a. What is the units digit of l?
5
Let i(y) = -11*y + 14. What is the tens digit of i(-7)?
9
Let a(g) = 8 - 22*g + 20*g - 1. What is the tens digit of a(-3)?
1
Let p(w) = w**3 - 3*w**2 - 2*w. Let f be p(3). Let q be (2/(-3))/((-2)/f). Let m(o) = 3*o**2 - o - 1. What is the units digit of m(q)?
3
Let d(x) = -5*x - 3. Let a be d(-4). Suppose -19 = -w + 4*r, -r + a = w - 12. What is the units digit of w?
7
Suppose 325 = 4*d + d. Suppose -d = -4*x - c, 5*x + 7*c - 95 = 3*c. What is the units digit of x?
5
Suppose u + 3*u - 24 = 0. Let m(s) = -s**2 + 7*s - 4. Let b be m(u). Suppose 4*v = 3*v - 5*q + 26, 3*v + b*q - 26 = 0. What is the units digit of v?
6
What is the tens digit of ((-12)/(-4) - 3) + 29?
2
Suppose -163 = -6*y + 83. What is the units digit of y?
1
Let i(u) = -2 - u**2 + u**3 + 5*u**2 + 5 + u. Let d be i(-4). Let q = d - -3. What is the units digit of q?
2
What is the units digit of (-84)/18*(-18)/4*1?
1
Let f(u) = u**2 - 7*u. Let a be f(7). Suppose -3*q + 0*q + r + 28 = a, -4*q + 2*r + 38 = 0. What is the units digit of q?
9
Let c(s) = -s - 2. Let j(m) = 2*m + 5. Let o(p) = p**2 + 2*p + 3. Let x be o(-2). Let i(v) = x*j(v) + 5*c(v). What is the units digit of i(0)?
5
Let p(t) = 6*t**2 + 2*t - 1. Let k be p(-2). Let b(u) = -u - 5. Let s be b(4). Let d = k + s. What is the tens digit of d?
1
Let k(t) = t**2 + 7*t - 2. Let q be k(-8). Suppose -46 = -3*c - 4*a, -18 = -3*a - q. Suppose 4*w - 40 = h, 2*w - c = w - 3*h. What is the units digit of w?
0
Suppose -3*w + 9 = 0, k + w = 3*w - 5. Suppose -k = f - 3. Suppose 2*q - f*n - 44 = -8, q - 3*n = 28. What is the tens digit of q?
1
Suppose -5*r - 20 = -r. Let a(q) = -q**2 - 6*q - 7. Let d be a(r). What is the units digit of (-28 - -2)/d*1?
3
Let w(k) = 12*k + 7. Suppose 2*t = 4*c - 12 + 38, 3*t - 19 = 2*c. What is the units digit of w(t)?
3
Let s = -116 + 179. What is the tens digit of s?
6
Suppose -2*k + 621 = 73. What is the tens digit of k?
7
Suppose 0 = -7*p + 6 + 57. What is the units digit of p?
9
Let j(h) = 3*h**3 + 6*h**2 - 7*h + 4. Let a(x) = -3*x**3 - 5*x**2 + 6*x - 3. Let i(m) = -6*a(m) - 5*j(m). What is the units digit of i(2)?
0
Let r = -8 - -9. Suppose -1 = -2*l + r. What is the units digit of l?
1
What is the tens digit of (-940)/(-12) + (-2)/6?
7
Suppose -8 = -4*j, 9*j + 2 = 3*d + 4*j. Suppose -2*k = -2*v - 78, 161 = d*k - 0*v - 5*v. What is the units digit of k?
4
Let o(q) = -q**2 + q - 2. Let c be o(0). Let v = c - -6. What is the units digit of v?
4
Let y(j) = -j + 7. Let u be y(-5). Let q be (-22)/(-8) + 3/u. Suppose -5*f = -q*t - t - 13, 0 = 5*t - 3*f. What is the units digit of t?
3
Let a = 55 + -36. Let z = a + 9. What is the tens digit of z?
2
Let g(k) = 5*k + 3. Let z(q) be the third derivative of q**6/120 + q**5/60 + q**3/2 - q**2. Let x be z(0). What is the tens digit of g(x)?
1
Let b be ((-7)/(-14))/((-2)/(-8)). Suppose -n - b = 3, n + 15 = 2*v. Suppose 0 = -v*q + q + 20. What is the units digit of q?
5
Suppose 2*g - 5*g + 51 = 0. What is the units digit of g?
7
Let g = 83 - 126. Let c = -24 - g. What is the tens digit of c?
1
Let f(n) = 4*n - 3. Let w be f(4). Suppose -2*k + k = -5. Let x = w - k. What is the units digit of x?
8
Let n = 135 - -11. Let d = n - 96. What is the tens digit of d?
5
Suppose 281 = 4*b - 5*o, 0 = 3*b - 3*o - 189 - 24. Let h = -46 + b. What is the tens digit of h?
2
Let y(g) = g**3 - 6*g**2 + g + 1. Let p(t) = -t**3 - 3*t**2 - t + 3. Let j be p(-3). Let d be y(j). Suppose -x = -d - 12. What is the tens digit of x?
1
Let a = -52 - -128. Suppose -3*n = n - a. What is the units digit of n?
9
Suppose -42*o - 239 = -43*o. What is the tens digit of o?
3
Let x = -9 + 19. What is the tens digit of x?
1
Suppose 0*h = 2*h - 40. Let r = 0 - -5. Suppose -5 = -r*w + h. What is the units digit of w?
5
Let b(v) = -1. Let x(r) = r - 2. Let i(y) = 6*b(y) - 2*x(y). What is the units digit of i(-3)?
4
Let t be 2/(3/((-45)/6)). Let z = 4 - t. Suppose m - z + 2 = 0. What is the units digit of m?
7
Suppose 4*p - 291 = p. What is the units digit of p?
7
Let v(m) = 2*m**2 - 5*m - 6. Let i be v(-6). Suppose -2*r - i = -5*r - 3*t, -2*t = -r + 44. What is the tens digit of r?
3
Let a(q) = -47*q - 38. What is the hundreds digit of a(-7)?
2
What is the units digit of (-106 + -1)/(-1 - 0)?
7
Let u(i) = -i - 5. Let f(r) = r**2 - 5*r. Let g be f(4). Let t be u(g). What is the units digit of 15 + t + (-9)/3?
1
Let g(n) = n. Let y(a) = -a**2 + 2*a + 2. Let b(p) = -g(p) + y(p). Let d be b(0). What is the units digit of 9/d + (-7)/14?
4
Let s = -8 + 5. Let w = 21 + s. What is the units digit of w?
8
Let i = -39 + 27. Let w = i + 14. What is the units digit of w?
2
Let p = 2 + 40. What is the units digit of p?
2
Let z(k) = 4*k. Let o be z(2). Let v(u) = u**2 - 7*u + 2. What is the units digit of v(o)?
0
Let n be (-1)/((-6)/8)*3. Suppose n*w - 33 = 3*w. What is the units digit of w?
3
Suppose 0*s + 10 = 2*s. Suppose 9 = -4*z - t - 0, -3*t - 3 = 0. Let v = s + z. What is the units digit of v?
3
Let l(n) = n**3 - 5 + n**2 - n - 3*n**2 + 3*n**2. Let p be l(0). Let u = p - -7. What is the units digit of u?
2
Let d(t) = t**3 + 5*